 231571 a composite number?
False
Is 10307 prime?
False
Is 1159 a composite number?
True
Is 67085 a composite number?
True
Is 65089 prime?
True
Is 1350313 composite?
False
Is 308383 a composite number?
False
Is 12527 a composite number?
False
Is 3307 a prime number?
True
Is 3062945 composite?
True
Is 180293 a composite number?
True
Is 853529 a prime number?
True
Is 983 a prime number?
True
Is 13739 a composite number?
True
Is 20743 prime?
True
Is 19889 a composite number?
False
Is 483353 composite?
True
Is 314567 a composite number?
True
Is 2220263 a composite number?
False
Is 214763 composite?
False
Is 11369 composite?
False
Is 4315 prime?
False
Is 137909 prime?
True
Is 14173 a composite number?
False
Is 612049 a composite number?
False
Is 175079 composite?
False
Is 22973 composite?
False
Is 93569 prime?
False
Is 2411 a composite number?
False
Is 82489 prime?
False
Is 31309 a composite number?
True
Is 247985 a composite number?
True
Is 16941 composite?
True
Is 428755 composite?
True
Is 24987 prime?
False
Is 356159 a composite number?
True
Is 4637 composite?
False
Is 28211 composite?
False
Is 2507567 prime?
True
Is 45727 composite?
True
Is 1883 composite?
True
Is 18994 a composite number?
True
Is 2335 a composite number?
True
Is 8267 composite?
True
Is 71605 a prime number?
False
Is 4201 a prime number?
True
Is 567179 a composite number?
False
Is 729029 prime?
False
Is 165749 composite?
False
Is 50119 prime?
True
Is 1782698 a prime number?
False
Is 166063 composite?
False
Is 588823 composite?
True
Is 1637 a prime number?
True
Is 47933 prime?
True
Is 104389 composite?
True
Is 25537 composite?
False
Is 26063 a prime number?
False
Is 104459 a composite number?
False
Is 10897 a composite number?
True
Is 31847 composite?
False
Is 439661 prime?
True
Is 16869 prime?
False
Is 807787 composite?
False
Is 11957 prime?
False
Is 12151 prime?
False
Is 6431 composite?
True
Is 11693 composite?
True
Is 880899 prime?
False
Is 233113 a prime number?
True
Is 46297 prime?
False
Is 158393 a composite number?
False
Is 29989 composite?
False
Is 285929 a composite number?
True
Is 4103 prime?
False
Is 3527941 prime?
True
Is 17957 a prime number?
True
Is 78121 prime?
True
Is 150139 a composite number?
True
Is 1487701 a prime number?
False
Is 208867 composite?
True
Is 2845 a prime number?
False
Is 355967 composite?
False
Is 25814 a composite number?
True
Is 14273 a prime number?
False
Is 8207 composite?
True
Is 25937 composite?
True
Is 113185 a prime number?
False
Is 15001 composite?
True
Is 75869 prime?
True
Is 74471 a composite number?
False
Is 10399 a composite number?
False
Is 211213 prime?
True
Is 225287 prime?
True
Is 822515 composite?
True
Is 2141245 prime?
False
Is 15427 a composite number?
False
Is 148457 composite?
False
Is 10133 a prime number?
True
Is 2602 prime?
False
Is 56467 a composite number?
False
Is 14143 a prime number?
True
Is 22691 prime?
True
Is 928769 composite?
False
Is 14621 a composite number?
False
Is 270937 composite?
False
Is 5749 a composite number?
False
Is 46597 composite?
True
Is 52165 a prime number?
False
Is 22603 a prime number?
False
Is 838 composite?
True
Is 1477883 a composite number?
True
Is 536041 composite?
True
Is 429211 a prime number?
True
Is 1012013 composite?
True
Is 874637 prime?
True
Is 93103 a prime number?
True
Is 90238 a composite number?
True
Is 342577 a composite number?
True
Is 10897 a composite number?
True
Is 301811 prime?
False
Is 1486829 a composite number?
False
Is 23215 prime?
False
Is 268799 prime?
False
Is 331067 a composite number?
True
Is 7031 a prime number?
False
Is 548827 a prime number?
True
Is 232567 a prime number?
True
Is 50449 a composite number?
True
Is 806561 composite?
True
Is 1652347 a composite number?
False
Is 4393 composite?
True
Is 3062 prime?
False
Is 401057 prime?
True
Is 1411197 a prime number?
False
Is 147709 composite?
False
Is 50047 prime?
True
Is 12373 prime?
True
Is 5251 a composite number?
True
Is 495587 composite?
False
Is 7789 prime?
True
Is 63005 a composite number?
True
Is 251287 prime?
True
Is 195823 composite?
True
Is 1481 composite?
False
Is 1710253 a composite number?
False
Is 149 a composite number?
False
Is 1009 prime?
True
Is 318871 a prime number?
False
Is 33403 composite?
False
Is 27319 composite?
True
Is 46133 composite?
False
Is 149102 a composite number?
True
Is 550894 prime?
False
Is 1238291 prime?
True
Is 1123 a prime number?
True
Is 203 a composite number?
True
Is 1585 prime?
False
Is 62383 prime?
True
Is 42709 prime?
True
Is 82363 prime?
False
Is 436803 a composite number?
True
Is 43853 a composite number?
False
Is 14461 composite?
False
Is 886967 a prime number?
True
Is 63151 a prime number?
False
Is 442003 a composite number?
False
Is 20717 a composite number?
False
Is 140591 a composite number?
True
Is 408607 prime?
True
Is 11743 prime?
True
Is 104501 prime?
False
Is 1343 a composite number?
True
Is 3639 prime?
False
Is 3382579 composite?
True
Is 19531 prime?
True
Is 289343 a prime number?
True
Is 208381 composite?
True
Is 7003 a composite number?
True
Is 3691 composite?
False
Is 277787 composite?
False
Is 23891 composite?
True
Is 799171 a prime number?
True
Is 478567 composite?
True
Is 17533 prime?
False
Is 9599 prime?
False
Is 286383 a prime number?
False
Is 351449 composite?
True
Is 102749 a prime number?
False
Is 20609 a composite number?
True
Is 50171 a composite number?
True
Is 696457 prime?
True
Is 4271 prime?
True
Is 390151 prime?
True
Is 3882703 a prime number?
False
Is 2359151 composite?
False
Is 812919 composite?
True
Is 233323 prime?
True
Is 501367 prime?
True
Is 8197 a composite number?
True
Is 139223 prime?
False
Is 1604913 a composite number?
True
Is 13853 a prime number?
False
Is 2939 composite?
False
Is 4637 a prime number?
True
Is 46993 a prime number?
True
Is 8641 prime?
True
Is 5631 a composite number?
True
Is 40717 a prime number?
False
Is 276943 a composite number?
True
Is 81707 a prime number?
True
Is 366497 composite?
False
Is 7277 a prime number?
False
Is 975731 a composite number?
False
Is 31357 a prime number?
True
Is 4265 composite?
True
Is 1258203 composite?
True
Is 292303 composite?
True
Is 282881 prime?
True
Is 88379 composite?
False
Is 289907 prime?
False
Is 346 prime?
False
Is 406247 prime?
True
Is 307353 prime?
False
Is 48361 a composite number?
True
Is 179831 a composite number?
True
Is 166949 a prime number?
True
Is 434233 a composite number?
True
Is 250109 a composite number?
False
Is 1501 prime?
False
Is 20287 prime?
True
Is 637669 a composite number?
False
Is 5447 composite?
True
Is 8641 composite?
False
Is 6607 a composite number?
False
Is 5297 composite?
False
Is 261467 a composite number?
False
Is 199358 composite?
True
Is 1293 prime?
False
Is 25561 composite?
False
Is 8857 prime?
False
Is 66694 a prime number?
False
Is 101081 prime?
True
Is 61751 a composite number?
False
Is 85081 a prime number?
True
Is 4633 prime?
False
Is 155029 composite?
True
Is 239383 prime?
True
Is 2234 composite?
True
Is 2515 composite?
True
Is 26458 a prime number?
False
Is 18859 composite?
False
Is 66293 prime?
True
Is 541 a prime number?
True
Is 69929 composite?
False
Is 2214643 prime?
False
Is 19171 prime?
False
Is 177499 a composite number?
True
Is 2045 a composite number?
True
Is 1798351 prime?
True
Is 209659 a prime number?
True
Is 122527 composite?
False
Is 85381 prime?
True
Is 67619 a composite number?
False
Is 294983 a prime number?
False
Is 6101 a composite number?
False
Is 103691 prime?
False
Is 480961 a composite number?
True
Is 18013 a composite number?
False
Is 461051 a prime number?
True
Is 16793 a prime number?
False
Is 132803 prime?
False
Is 21263 composite?
True
Is 13739 a composite number?
True
Is 215071 prime?
False
Is 110221 a prime number?
True
Is 11471 a composite number?
False
Is 176663 a composite number?
True
Is 58381 a composite number?
True
Is 148141 a composite number?
True
Is 28459 composite?
True
Is 33793 a prime number?
False
Is 7433 prime?
True
Is 10135 a prime number?
False
Is 705389 a prime number?
True
Is 1789859 prime?
False
Is 421559 a prime number?
True
Is 87811 composite?
False
Is 10055 a composite number?
True
Is 112873 a prime number?
False
Is 799967 prime?
False
Is 216481 composite?
False
Is 15